j) = 2*j**3 + j**2 + 4419*j - 8842. Give y(2).
16
Let d(t) = -t**3 - 3*t**2 + 9*t - 16. What is d(-5)?
-11
Let l(g) = 3*g**2 + 113*g + 227. What is l(-31)?
-393
Let k(y) = 79*y + 6092. Give k(-77).
9
Let r(l) = -l**3 - 16*l**2 + 53*l - 56. Determine r(-20).
484
Let b(r) = -2*r**3 - 12*r**2 - 13*r - 6. Calculate b(-4).
-18
Let n(o) = -o**3 - 35*o**2 + 73*o - 34. Determine n(-37).
3
Let g(z) = -z**3 - 8*z**2 - 17*z - 29. Calculate g(-5).
-19
Let b(u) = 148*u**3 - 12*u**2 - 9*u - 2. Give b(-1).
-153
Let p(i) = i**3 - 19*i**2 + 25*i - 67. What is p(18)?
59
Let f(g) = g**2 + 323*g + 23529. What is f(-212)?
-3
Let h(x) = -x**3 - 14*x**2 + 34*x + 700. Give h(-12).
4
Let i(q) = 3*q**2 - 242*q + 2060. Determine i(10).
-60
Let m(x) = 37*x + 32. What is m(-1)?
-5
Let b(i) = -i**3 - 12*i**2 - 13*i - 65. Determine b(-10).
-135
Let t(v) = v**2 - 36*v + 211. Give t(28).
-13
Let j(f) = -f**2 + 4529*f + 95557. Determine j(-21).
7
Let r(c) = -143*c + 18588. Calculate r(130).
-2
Let c(p) = -28*p**2 - 278*p + 26. Calculate c(-10).
6
Let k(n) = 31*n - 6. Determine k(2).
56
Let i(r) = -16*r + 1528. Determine i(96).
-8
Let m(w) = -w**3 + 7*w**2 - 15*w - 14. Calculate m(5).
-39
Let v(k) = -5*k**2 + 16*k + 41. Calculate v(6).
-43
Let z(u) = -144*u + 2485. Give z(17).
37
Let z(b) = -15*b + 1692. Determine z(115).
-33
Let p(u) = -167*u - 187. Give p(0).
-187
Let y(t) = -2*t**2 - 8*t + 7. Give y(2).
-17
Let z(l) = 75*l**3 + l**2 - 6*l + 5. Give z(1).
75
Let r(b) = -6*b**3 - 452*b**2 - 153*b - 220. What is r(-75)?
5
Let n(u) = -933*u + 899. Determine n(1).
-34
Let u(j) = 5*j**3 - 4*j**2 + 38*j + 21. Determine u(5).
736
Let q(a) = a**3 + 59*a**2 - 534*a + 142. What is q(-67)?
8
Let l(d) = 60*d + 1142. Calculate l(-24).
-298
Let a(u) = 10*u**2 + 24*u - 59. What is a(3)?
103
Let w(n) = -109*n + 1773. Determine w(16).
29
Let i(y) = -72*y**2 + 4751*y + 112. What is i(66)?
46
Let w(m) = -41*m**2 + 4*m + 3. What is w(-2)?
-169
Let p(o) = -2*o**3 + 4*o**2 - 6*o - 22. Calculate p(7).
-554
Let q(n) = 218*n**2 + 2*n + 2. Give q(-1).
218
Let m(p) = 721*p + 8672. Calculate m(-12).
20
Let x(s) = 8*s + 174. Give x(-18).
30
Let l(v) = -2*v**3 - 84*v**2 - 33*v - 1367. Give l(-42).
19
Let k(h) = -4*h**2 + 92*h + 197. Give k(25).
-3
Let g(i) = 9*i**3 + i**2 + 144*i - 293. Determine g(2).
71
Let x(a) = -2*a**3 + 403*a**2 - 1002*a + 1386. What is x(199)?
-7
Let s(g) = g**3 + 36*g**2 + 176*g + 666. Calculate s(-31).
15
Let q(z) = 85*z - 6407. Give q(75).
-32
Let d(g) = 85*g + 13091. Determine d(-154).
1
Let f(o) = -457*o - 61678. What is f(-135)?
17
Let h(j) = -j**2 + 314*j - 5313. Calculate h(18).
15
Let u(n) = -n**3 + 9*n**2 - 53*n + 219. What is u(6)?
9
Let m(d) = 5*d**3 - 12*d**2 + 6*d + 27. Determine m(5).
382
Let p(r) = -r**3 - 5*r**2 + 54*r - 68. What is p(4)?
4
Let g(b) = 43*b**2 + 82*b + 232. What is g(-3)?
373
Let q(x) = 9*x**3 + 3*x**2 - 4*x - 12. What is q(-2)?
-64
Let m(u) = -109*u + 681. Give m(6).
27
Let q(i) = 93*i - 749. What is q(8)?
-5
Let n(x) = -24*x + 1269. Give n(57).
-99
Let d(a) = a**3 - 47*a**2 - 50*a + 132. Calculate d(48).
36
Let s(g) = 112*g + 1159. Determine s(-10).
39
Let m(q) = 459*q**2 - 2294*q + 5. Determine m(5).
10
Let h(x) = 12*x**2 + 9*x - 370. Give h(5).
-25
Let c(o) = 3*o**3 + 2*o**2 - 76*o - 47. Give c(5).
-2
Let t(v) = -3*v**3 - 14*v**2 + 121*v + 32. Give t(-9).
-4
Let i(f) = f**3 - 30*f**2 + 26*f - 78. Determine i(29).
-165
Let q(v) = -v**3 + 14*v**2 + 68*v + 70. Give q(18).
-2
Let p(j) = 2*j**2 - 172*j + 374. Determine p(84).
38
Let j(z) = 120*z**2 + 371*z + 42. Calculate j(-3).
9
Let x(r) = -253*r + 16699. Determine x(66).
1
Let o(z) = -z**3 - 10*z**2 + 27*z + 170. What is o(-11)?
-6
Let y(i) = -i**2 - 351*i - 3040. Calculate y(-9).
38
Let q(f) = -f**3 + 7*f**2 + f - 17. What is q(7)?
-10
Let b(j) = j**3 - 10*j + 7. What is b(2)?
-5
Let s(x) = x**3 + 44*x**2 - 41*x + 102. What is s(-45)?
-78
Let g(f) = 29*f + 1404. Calculate g(-51).
-75
Let b(g) = -2*g**3 - 14*g**2 - 44*g - 272. Give b(-7).
36
Let g(u) = -u**2 - 83*u + 3690. Give g(32).
10
Let p(l) = -l**3 - 100*l**2 - 194*l + 147. Determine p(-98).
-49
Let a(d) = 6*d + 184. Determine a(-27).
22
Let c(p) = -p**3 + 4*p**2 - 29*p + 163. What is c(5)?
-7
Let q(g) = -g**3 - 18*g**2 + 30*g - 236. Calculate q(-20).
-36
Let w(g) = -106*g + 1277. What is w(16)?
-419
Let c(m) = -m**2 + 50*m - 621. Give c(21).
-12
Let k(w) = w**2 + 419*w + 23039. Calculate k(-65).
29
Let u(m) = -2*m**3 + 495*m**2 - 745*m + 1727. Give u(246).
5
Let h(x) = -2*x**3 - 21*x**2 + 144*x - 27. Calculate h(-15).
-162
Let l(g) = -2*g**3 - 137*g**2 + 67*g - 62. Calculate l(-69).
76
Let g(l) = -2*l**2 - 41*l + 35. Calculate g(-21).
14
Let l(i) = -166*i + 4654. Determine l(28).
6
Let k(w) = -w**2 - 94*w + 14959. Determine k(-178).
7
Let c(x) = -14*x - 118. Determine c(-3).
-76
Let z(p) = -11*p**2 - 546*p + 798. Give z(-51).
33
Let i(k) = 21*k**3 - 25*k**2 - 8*k + 19. Determine i(4).
931
Let l(q) = q**3 + 22*q**2 + 115*q - 13. Give l(-13).
13
Let t(s) = -50*s - 1251. Determine t(-25).
-1
Let o(g) = -66*g**2 - 118*g - 118. Determine o(-1).
-66
Let q(v) = 113*v - 649. Calculate q(7).
142
Let l(h) = -h**3 + 5*h**2 + 37*h - 123. Determine l(3).
6
Let o(a) = 9*a**2 + 18*a + 7. What is o(-3)?
34
Let i(g) = g**3 - g**2 + 155*g - 671. What is i(4)?
-3
Let b(v) = 25*v + 336. Calculate b(-13).
11
Let y(v) = v**2 + 273*v + 17299. Determine y(-100).
-1
Let o(w) = -7*w**3 - w**2 - 5*w + 5. Give o(2).
-65
Let l(u) = -2*u**3 + 83*u**2 - 268*u + 94. Give l(38).
18
Let w(d) = d**2 - 37*d - 146. Calculate w(44).
162
Let v(p) = -18*p + 356. What is v(19)?
14
Let w(d) = -d**3 - 4*d**2 + 7*d - 103. Give w(-7).
-5
Let i(x) = -3*x**3 - 5*x**2 + 52*x + 20. Determine i(6).
-496
Let l(q) = 332*q + 5642. Calculate l(-17).
-2
Let v(q) = -q**3 - 56*q**2 - 344*q - 9. Determine v(-7).
-2
Let k(n) = n**2 - 582*n + 34960. Give k(68).
8
Let g(q) = 17176*q + 51520. Calculate g(-3).
-8
Let r(i) = -10*i**2 + 23*i - 39. Determine r(2).
-33
Let l(x) = -405*x + 1470. Determine l(4).
-150
Let v(f) = 7*f + 188. What is v(-25)?
13
Let n(f) = f**3 - 16*f**2 + 64*f - 62. What is n(10)?
-22
Let z(a) = -109*a**2 + 685*a - 685. Give z(1).
-109
Let z(d) = 19*d**2 + 255*d + 89. Give z(-13).
-15
Let l(g) = -125*g + 752. Determine l(6).
2
Let f(w) = w**2 + 233*w - 48198. Give f(132).
-18
Let s(t) = 3*t**3 + 17*t**2 - 107*t - 591. Give s(-5).
-6
Let l(q) = -13*q**2 - 755*q - 61. Determine l(-58).
-3
Let k(n) = 42*n - 314. Give k(8).
22
Let m(q) = 3250*q + 35750. Calculate m(-11).
0
Let g(x) = -x**2 - 5*x + 8. What is g(1)?
2
Let i(s) = 836*s + 8352. What is i(-10)?
-8
Let t(b) = -11*b**2 + 16*b - 49. Calculate t(7).
-476
Let u(q) = 117*q + 358. Determine u(-3).
7
Let x(l) = 31*l + 257. Give x(-9).
-22
Let h(o) = -o**3 + 21*o**2 + 41*o + 128. What is h(23)?
13
Let u(c) = 17*c + 1633. Determine u(-104).
-135
Let h(c) = 120*c - 821. What is h(7)?
19
Let k(i) = i**3 + 6*i**2 - 4*i + 30. Give k(-8).
-66
Let o(k) = -k**3 - 12*k**2 + 2358*k - 389. What is o(-55)?
-4
Let k(w) = 2472*w - 9894. Calculate k(4).
-6
Let r(z) = -z**2 - 5*z + 432. Determine r(-20).
132
Let h(d) = -d**2 + 48*d - 540. What is h(30)?
0
Let u(m) = 5*m**3 + 232*m**2 - 127*m + 645. Give u(-47).
-13
Let f(h) = 168*h + 1189. What is f(-7)?
13
Let n(l) = -15*l**2 - 1247*l - 175. Determine n(-83).
-9
Let w(j) = -j**3 + 12*j**2 + 11*j + 38. Give w(-4).
250
Let j(i) = i**3 + 25*i**2 + 52*i + 120. Determine j(-23).
-18
Let k(h) = -811*h - 788. Give k(-1).
23
Let o(w) = w**3 - 4*w**2 + 12*w - 152. Calculate o(6).
-8
Let i(z) = 4*z**2 + 220*z + 55. Give i(-52).
-569
Let v(u) = u**3 - 9*u**2 - 348*u - 292. Calculate v(24).
-4
Let f(b) = 12*b + 4. Give f(-9).
-104
Let b(x) = x**2 + 308*x + 918. Determine b(-305).
3
Let o(v) = -10*v. Determine o(-7).
70
Let x(g) = -25*g**2 + 702*g - 21. Determine x(28).
35
Let q(l) = l**3 + 59*l**2 + 2*l + 36. Give q(-59).
-82
Let w(h) = h**3 + 9*h**2 - 34*h + 228. Determine w(-13).
-6
Let z(r) = 45*r - 6102. Determine z(136).
18
Let k(r) = r**3 - 45*r**2 + 39*r - 222. Calculate k(44).
-442
Let z(y) = 3*y**2 + 192*y + 187. Give z(-63).
-2
Let j(f) = f**2 + 193*f - 1606. What is j(8)?
2
Let y(t) = -21*t - 67. Determine y(-3).
-4
Let l(c) = -2*c**2 + 13*c + 54. Calculate l(-8).
-178
Let k(h) = 1205*h - 6